(-4).
0
Let z(j) = j - 5. Suppose 58 = -7*o + 93. Suppose -o*r + 12*r - 49 = 0. Give z(r).
2
Let c(r) = r**2 + 6*r - 2. Let z be (-14)/(-161) + 113/23. Suppose -5*t + 10 = -0*t. Suppose -z*d = 2*h + 35, 0*d + 30 = -t*d - 4*h. Calculate c(d).
-7
Let l(y) = -567*y + 116. Let u(g) = 263*g - 57. Let v(f) = -6*l(f) - 13*u(f). What is v(2)?
11
Suppose -3*k + 14 = 56*b - 55*b, 0 = 2*b - 10. Let a be 1/2 - (-22)/4. Let w be 16/a - 2/k. Let m(u) = -2*u**3 + 4*u**2 - 4*u + 2. Calculate m(w).
-6
Suppose -123*g = -118*g - 10. Let h(u) = 2 + 3*u + 7 + u**g - 8 - 7. Calculate h(4).
22
Let p(m) = m**2 + 5*m + 3. Let j be p(-5). Let n(s) = 10*s**2 - 12*s**2 - 3 - 8 - 4*s + 6*s + 7. Calculate n(j).
-16
Let q(a) be the third derivative of -1/24*a**4 + 0 + 1/24*a**6 - 1/60*a**5 - 60*a**2 - 1/6*a**3 + 0*a. Determine q(2).
33
Let h(u) = -7*u. Let t(v) = -1. Let m = -431 + 430. Let a(k) = m*h(k) + 2*t(k). Calculate a(1).
5
Let p(z) be the third derivative of -17*z**4/24 - 4*z**3/3 + 1166*z**2. Determine p(-3).
43
Let l(a) = 5*a**2 + 2*a + 1. Let k(b) = 21*b**2 + 9*b + 4. Let v(n) = 2*k(n) - 9*l(n). Suppose 0 = -m - 34 + 40. Let x be (m - 3)*22/33. What is v(x)?
-13
Let r(i) be the third derivative of -i**5/60 - 37*i**4/24 - 155*i**3/6 + 19*i**2. Give r(-32).
5
Let z(j) = j**3 + 15*j**2 - 34*j - 4. Let y(d) = -d**2 + 4*d - 5. Let f be y(6). Let w be z(f). Let h(k) = -k**2 - 10*k - 6. What is h(w)?
18
Let o(p) = p**2 - p - 2. Let u be 4 + 1/2*-6. Let c be (-1 - u)*1 - -28. Let b = c + -29. What is o(b)?
10
Let b(x) = -x**3 + 13*x**2 - 22*x - 6. Let m(p) = -2*p**2 + 5*p + 14. Let f be m(3). Give b(f).
-6
Let n(x) be the third derivative of -x**6/120 - 3*x**5/5 - 97*x**4/24 + 21*x**3/2 + 7*x**2 - x - 77. Give n(-33).
-3
Let i(y) = y**3 + 4*y**2 + 4*y - 4. Let l be i(-2). Let a(t) = 21*t + 69. Calculate a(l).
-15
Let j(i) = -i**3 + 2*i**2 - i - 32. Suppose y + 6 = 4*t + 10, t - 12 = -3*y. Give j(t).
-32
Let l = 3 + -1. Let z(i) = -i**l + 21*i - 11*i - 9*i. Suppose 0 = 4*j + 5 - 1. Give z(j).
-2
Let l be 40/5 + 5 + -18. Suppose 0 = 3*i - 3 - 0. Let j(m) = 5*m**2 - 3*m - i - 6*m**2 + 2 - 3. Determine j(l).
-12
Let h(j) be the third derivative of -5/6*j**3 + 0 - 87*j**2 + 7/24*j**4 - 1/60*j**5 + 0*j. Determine h(7).
-5
Suppose -5*j + 4*a - 15 - 20 = 0, 3*a = -5*j. Let o(k) = 3*k + 77*k**3 + 9*k**2 + 73*k**3 - 6 - 151*k**3 - 11*k**2. Determine o(j).
-6
Suppose -3*d + n + 19 = 0, n = 5*d - 32 - 3. Let o(s) be the second derivative of -s**4/12 + 4*s**3/3 - s**2 - 15488*s. What is o(d)?
-2
Suppose -87*h = -223 + 136. Let w(t) = 34*t**2 + 4*t - 5. What is w(h)?
33
Let s(q) = -q**2 + 5*q + 5. Let z(m) = -4*m + 38. Let r be z(8). Suppose r - 24 = -3*w. Give s(w).
-1
Suppose 2*a + 13*m = 10*m + 25, -3*m + 17 = a. Let h(x) = a - 7*x + 9*x - 2 - 12. What is h(7)?
8
Let u(f) be the third derivative of -f**5/10 + f**4/4 + f**3/6 - 12461*f**2 + 2*f. Determine u(1).
1
Suppose 4*r - 3 + 11 = 0. Let k(v) = -v**2. Let n be k(r). Let o(l) = 13042845*l**2 + 13042853*l**2 - 3 - l - 26085699*l**2 - 4*l. What is o(n)?
1
Let z(w) = -4*w**2 + 10*w - 17. Let r(q) = -3*q**2 + 7*q - 11. Let f(l) = -7*r(l) + 5*z(l). Suppose -15*j = -68 - 22. Suppose -2 = j*p - 2. Calculate f(p).
-8
Let a(j) = j - 4. Suppose -m - i = 10, 23 = -2*m - i + 4. Let n = 1 - m. Give a(n).
6
Let j be (-2)/(-9) + (-86)/(-18). Let k(a) = 3*a - a - a - 1 + 12. Let u(f) = f + 14. Let s(p) = -6*k(p) + 5*u(p). What is s(j)?
-1
Let l(v) = 87*v + 1726. Let m be l(-20). Let g(x) = -x**2 - 7*x + 95. What is g(m)?
-3
Let y(v) = v + 14. Let d(b) = 3*b + 67. Let l(c) = 2*d(c) - 10*y(c). Determine l(0).
-6
Let g(a) be the first derivative of -a**4/4 - a**2 - 7*a - 99. Let o be g(0). Let t(d) = 2*d + 13. Give t(o).
-1
Suppose 0*m - 10 = -m. Let k(a) = -a + 1. Let r(q) = 3*q - 2. Let t(f) = -2*k(f) - r(f). Give t(m).
-10
Let g(c) = 97510*c - 26 - 195033*c + 97514*c. Give g(-4).
10
Suppose -78*x - 3293 + 2825 = 0. Let v(p) = p**3 + 2*p**2 - 25*p - 6. Determine v(x).
0
Suppose -4*x + 0*x - 8 = 4*u, 5*u = -3*x - 6. Let l(z) be the second derivative of z**3/6 - 2*z**2 - 3187*z. Calculate l(x).
-6
Let x(d) = 3*d**2 - 3*d + 3. Let s be -30*(-6)/(-24)*(-4)/3. Suppose s*z = 5*z + 25. Suppose -z*n + 21 - 6 = 0. Give x(n).
21
Let q be -16 - -12 - (3 - 23). Let w(z) = -z**3 + 15*z**2 + 15*z - 15. Give w(q).
-31
Let x be ((-14)/21)/(6/108 - 0). Let t(i) = -27*i - 320. Determine t(x).
4
Let p(f) = 0*f**2 - f**2 - 9491*f + 18982*f + 3 - 9492*f. Let u(a) = -a**3 - 2*a**2 + 3*a - 4. Let j be u(-4). Let q = j - 13. Give p(q).
-9
Let a(n) = n**3 + 7*n**2 + 2*n + 10. Let f(q) = q**2 + 3*q - 20. Let m be f(-9). Suppose 5*u = -20, -2*x - m = 4*u + u. Give a(x).
-4
Let r(k) = -590 + 1187 + 7*k + k**2 - 609. What is r(-7)?
-12
Let i(p) = -3*p**2 + 48*p. Let c be i(16). Let x(a) be the third derivative of 0*a**3 - 8*a**2 + 1/6*a**4 + 0 + c*a. Calculate x(3).
12
Let i(p) be the first derivative of -p**4/4 + 2*p**3/3 + 2*p**2 + p + 45. Let t be (-2)/13 - (-369)/117. Determine i(t).
4
Let s(n) = -n**2 + 17*n + 7. Let j be s(5). Let a = j + -166. Let h = 101 + a. Let l(g) = 2*g - 2. Calculate l(h).
2
Let x(k) = -6363 - k**2 + 4*k + 6372 - 4*k. Give x(-4).
-7
Let a(y) = -y + 1. Let b be a(6). Let f = b + 8. Let p(o) = 268*o. Let u(c) = -179*c. Let k(i) = 8*p(i) + 12*u(i). Calculate k(f).
-12
Suppose -33 = -h - 3. Suppose 5*f = j - 20, -7*j - h = f - 2*j. Let w(k) = 1945*k**2 - 3888*k**2 - k + 1942*k**2 + 6. What is w(f)?
-14
Let n(t) = -t**2 + t - 19. Let a = -21 - -23. Suppose 10 = -a*w, 16 = 5*i + 3*w - 34. Suppose 9*k = i*k. What is n(k)?
-19
Let s(d) be the first derivative of -d**6/360 + d**5/30 + d**4/8 - 11*d**3 + d**2 + 50. Let a(r) be the third derivative of s(r). What is a(-1)?
-2
Let x(b) = 68*b - 68*b + 17*b**3 + 26*b**2 - 11*b**3 + 4 - 7*b**3. Give x(26).
4
Let b = -7 + 11. Let t(h) = -h**3 - b*h + 0*h - h - 2 - 3*h**2 + 2*h. Suppose -2 = 6*s - 5*s. Determine t(s).
0
Let n be -1 - -2 - (0 - 1 - -2). Suppose 2*v - 7 = -3. Let q(t) = -t - 5 + t**v + 3*t - 2*t + t**3. What is q(n)?
-5
Let o(n) = -2*n - 195. Let p(j) = -3*j - 151. Let u(q) = -3*o(q) + 4*p(q). Give u(-4).
5
Let z be (15/50)/((-4)/40). Let u(s) = -s**3 - 6*s**2 - 8*s. What is u(z)?
-3
Let g(p) = 0*p**2 - 6*p**2 - 3 + 3*p**2 - 2*p**3 + 6*p**2. Suppose 117*n - 480 = 20*n - 286. Calculate g(n).
-7
Let b(j) = -j. Suppose -p + 9 = 3*q, -q - 3*p = -4*q + 21. Let s be 6/q + (-42)/(-12). Calculate b(s).
-5
Let p(v) be the first derivative of v**2/2 + 3*v + 27. What is p(-12)?
-9
Let u(h) = -53*h**2 + 41*h + 44. Let i(v) = 362*v**2 - 286*v - 308. Let n(t) = 6*i(t) + 41*u(t). What is n(-32)?
52
Let k(v) be the second derivative of -v**6/120 - v**5/12 - v**4/4 - v**3 - 187*v**2/2 - v - 41. Let s(p) be the first derivative of k(p). Calculate s(-4).
2
Let k be (-12)/(-20) - (-1428)/20. Let h be 26/8 - 9*(-6)/k. Suppose h*g - 9*u + 6 = -7*u, 6 = 4*g + 2*u. Let n(i) = -i**3 - i**2 + 2. Determine n(g).
2
Let h(i) = 2*i - 18*i**3 + 2*i - 3*i - 15 + 19*i**3. Suppose 0 = -0*q + 3*q - 0*q. Determine h(q).
-15
Let i(s) = 2*s + 6*s**2 + 3 - 6*s**2 + 3*s**3. Let x = -47623 - -47621. Give i(x).
-25
Let h(x) = -2*x**2 - 10*x - 6. Let s = 119 + -205. Let t = s - -82. Let u be h(t). Let p(y) = 3*y. Calculate p(u).
6
Suppose 5*p - 10*p - 20 = 4*q, 2*q - 16 = 4*p. Let k(r) = -6 + r**3 - 12*r**2 + 4*r**2 + q*r**2 + 6*r. Calculate k(7).
-13
Let t(g) = g - 2. Let a be 1234/(-10) + 111/(-185). Let n = -127 - a. Calculate t(n).
-5
Let p(d) = 112*d - 3. Let s(q) = 1251*q - 36. Let r(u) = 45*p(u) - 4*s(u). What is r(0)?
9
Let n(o) = -3*o**2 + o + 2. Let q(r) = -7*r**2 + 4*r + 4. Let b(s) = -5*n(s) + 2*q(s). Determine b(0).
-2
Let t be 4/18 - (-192)/108. Suppose -2*i - 7*u - 37 = -t*u, 3*i + u + 23 = 0. Let y(d) = 4 + 5*d - 5 + 0*d**2 + d**2. Determine y(i).
5
Let k(r) = 8*r + 19. Let h be k(-3). Let l(d) = -2*d - 18. Let w be l(h). Let n(p) = p**3 + 9*p**2 + 9*p + 10. Determine n(w).
2
Let l(p) = -130*p - 1427. Let k be l(-11). Let a(o) = 18*o - 29. Determine a(k).
25
Let g(n) = n**2 - 4 + 11 + 0 - 3*n - 4. Let m be (6/(-5))/((-24)/60). Suppose 4*f = -4*c - 4, 6 = -m*c - 6. Give g(f).
3
Let q = -2 + 3. Let f(k) be the third derivative of k**6/20 + k**4/24 - k**3/6 + 39859*k**2. Calculate f(q).
6
Let v(h) = 3*h**2 - 71*h + 11. 